{"id":92,"date":"2022-01-24T11:53:24","date_gmt":"2022-01-24T11:53:24","guid":{"rendered":"https:\/\/www.insectosmadera.com\/?page_id=92"},"modified":"2022-07-06T09:31:56","modified_gmt":"2022-07-06T09:31:56","slug":"carcoma-3","status":"publish","type":"page","link":"https:\/\/www.insectosmadera.com\/?page_id=92","title":{"rendered":"Carcoma"},"content":{"rendered":"\t\t<div data-elementor-type=\"wp-page\" data-elementor-id=\"92\" class=\"elementor elementor-92\">\n\t\t\t\t\t\t<section class=\"elementor-section elementor-top-section elementor-element elementor-element-258a1cc elementor-section-boxed elementor-section-height-default elementor-section-height-default\" data-id=\"258a1cc\" data-element_type=\"section\" data-e-type=\"section\">\n\t\t\t\t\t\t<div class=\"elementor-container elementor-column-gap-default\">\n\t\t\t\t\t<div class=\"elementor-column elementor-col-100 elementor-top-column elementor-element elementor-element-f91ed6b\" data-id=\"f91ed6b\" data-element_type=\"column\" data-e-type=\"column\">\n\t\t\t<div class=\"elementor-widget-wrap elementor-element-populated\">\n\t\t\t\t\t\t<div class=\"elementor-element elementor-element-5365bd1 elementor-widget elementor-widget-image\" data-id=\"5365bd1\" data-element_type=\"widget\" data-e-type=\"widget\" data-widget_type=\"image.default\">\n\t\t\t\t<div class=\"elementor-widget-container\">\n\t\t\t\t\t\t\t\t\t\t\t\t\t\t\t<img fetchpriority=\"high\" decoding=\"async\" width=\"700\" height=\"524\" src=\"https:\/\/www.insectosmadera.com\/wp-content\/uploads\/2021\/11\/carcoma.jpg\" class=\"attachment-large size-large wp-image-66\" alt=\"\" srcset=\"https:\/\/www.insectosmadera.com\/wp-content\/uploads\/2021\/11\/carcoma.jpg 700w, https:\/\/www.insectosmadera.com\/wp-content\/uploads\/2021\/11\/carcoma-300x225.jpg 300w\" sizes=\"(max-width: 700px) 100vw, 700px\" \/>\t\t\t\t\t\t\t\t\t\t\t\t\t\t\t<\/div>\n\t\t\t\t<\/div>\n\t\t\t\t\t<\/div>\n\t\t<\/div>\n\t\t\t\t\t<\/div>\n\t\t<\/section>\n\t\t\t\t<section class=\"elementor-section elementor-top-section elementor-element elementor-element-31faa9a elementor-section-boxed elementor-section-height-default elementor-section-height-default\" data-id=\"31faa9a\" data-element_type=\"section\" data-e-type=\"section\">\n\t\t\t\t\t\t<div class=\"elementor-container elementor-column-gap-default\">\n\t\t\t\t\t<div class=\"elementor-column elementor-col-100 elementor-top-column elementor-element elementor-element-1989dfc\" data-id=\"1989dfc\" data-element_type=\"column\" data-e-type=\"column\">\n\t\t\t<div class=\"elementor-widget-wrap elementor-element-populated\">\n\t\t\t\t\t\t<div class=\"elementor-element elementor-element-ce432fc elementor-widget elementor-widget-text-editor\" data-id=\"ce432fc\" data-element_type=\"widget\" data-e-type=\"widget\" data-widget_type=\"text-editor.default\">\n\t\t\t\t<div class=\"elementor-widget-container\">\n\t\t\t\t\t\t\t\t\t<p>Son una amplia familia del orden de los cole\u00f3pteros. Reconocer su actividad es sencillo ya que dejan unos agujeros en la madera. Si la carcoma est\u00e1 activa deja unos posos de serr\u00edn. Son de metamorfosis completa: huevo, larva, pupa y adulto.<br \/>En Espa\u00f1a tenemos tres grandes grupos:\u00a0<strong>An\u00f3bidos, L\u00edctidos y Ceramb\u00edcidos.<\/strong><br \/>Los An\u00f3bidos son los que popularmente se conoce como \u201ccarcoma\u201d. Su tama\u00f1o es de 4-7 mm. Su ciclo vital de vida son 2-3 a\u00f1os desde que es un huevo hasta que completa su vida como adultos. El m\u00e1s conocido es el Anobium punctatum, que suele gustarle las con\u00edferas y las frondosas. Los adultos salen entre abril y agosto, y el tama\u00f1o de salida del orificio de adultos es de 1,5-2 mm.El tama\u00f1o del orificio de salidade adulto es de 3-4 mm,es mayor que el anterior 6.9 mmy su ciclo vital es de 5 a 10 a\u00f1os<br \/>Los l\u00edctidos son tambien conocidos como \u201cla polilla de la madera\u201d o \u201dBarrinador de los Muelles\u201d. Aqu\u00ed en Espa\u00f1a, tenemos dos especies principales: el\u00a0<strong>Lyctus lineaeris y el Lyctus brunneus<\/strong>. Su ciclo vital es de 1 a\u00f1o y su tama\u00f1o est\u00e0 entre 2-6 mm. Atacan madera tierna y con un grado de humedad alto (10%-30%).<br \/>Los ceramb\u00edcidos son sin duda la carcoma de mayor tama\u00f1o (10-20 mm). El m\u00e1s conocido es el\u00a0<strong>Hylotrupes<\/strong>\u00a0<strong>Bajulus<\/strong>\u00a0o como normalmente se llama \u201ccapricornio dom\u00e9stico\u201d. El orificio de salida del adulto es oval y mide 7-10 mm. Su ciclo vital puede llegar a los 15 a\u00f1os. Su origen es del norte de \u00c1frica y de all\u00ed se ha extendido a todo el mundo. Prefiere la madera de con\u00edferas.<br \/>Los\u00a0<strong>Hylotrupes\u00a0<\/strong>son la carcoma que m\u00e1s da\u00f1os puede ocasionar a la madera y en muchos casos, son situaciones irreversibles.<\/p><p>Diagnostico :<\/p><p>inspecci\u00f3n e informes.<\/p><p>Identificaci\u00f3n de la plaga ,protocolo de acci\u00f3n ,presupuesto ,una vez aceptado aplicaci\u00f3n de medidas correctores<\/p>\t\t\t\t\t\t\t\t<\/div>\n\t\t\t\t<\/div>\n\t\t\t\t\t<\/div>\n\t\t<\/div>\n\t\t\t\t\t<\/div>\n\t\t<\/section>\n\t\t\t\t<section class=\"elementor-section elementor-top-section elementor-element elementor-element-9a732a5 elementor-section-boxed elementor-section-height-default elementor-section-height-default\" data-id=\"9a732a5\" data-element_type=\"section\" data-e-type=\"section\">\n\t\t\t\t\t\t<div class=\"elementor-container elementor-column-gap-default\">\n\t\t\t\t\t<div class=\"elementor-column elementor-col-100 elementor-top-column elementor-element elementor-element-d722fed\" data-id=\"d722fed\" data-element_type=\"column\" data-e-type=\"column\">\n\t\t\t<div class=\"elementor-widget-wrap elementor-element-populated\">\n\t\t\t\t\t\t<div class=\"elementor-element elementor-element-82d2899 elementor-widget elementor-widget-button\" data-id=\"82d2899\" data-element_type=\"widget\" data-e-type=\"widget\" data-widget_type=\"button.default\">\n\t\t\t\t<div class=\"elementor-widget-container\">\n\t\t\t\t\t\t\t\t\t<div class=\"elementor-button-wrapper\">\n\t\t\t\t\t<a class=\"elementor-button elementor-button-link elementor-size-xl\" href=\"https:\/\/www.insectosmadera.com\/?page_id=121\">\n\t\t\t\t\t\t<span class=\"elementor-button-content-wrapper\">\n\t\t\t\t\t\t\t\t\t<span class=\"elementor-button-text\">PIDENOS PRESUPUESTO<\/span>\n\t\t\t\t\t<\/span>\n\t\t\t\t\t<\/a>\n\t\t\t\t<\/div>\n\t\t\t\t\t\t\t\t<\/div>\n\t\t\t\t<\/div>\n\t\t\t\t\t<\/div>\n\t\t<\/div>\n\t\t\t\t\t<\/div>\n\t\t<\/section>\n\t\t\t\t<\/div>\n\t\t","protected":false},"excerpt":{"rendered":"<p>Son una amplia familia del orden de los cole\u00f3pteros. Reconocer su actividad es sencillo ya que dejan unos agujeros en la madera. Si la carcoma est\u00e1 activa deja unos posos de serr\u00edn. Son de metamorfosis completa: huevo, larva, pupa y adulto.En Espa\u00f1a tenemos tres grandes grupos:\u00a0An\u00f3bidos, L\u00edctidos y Ceramb\u00edcidos.Los An\u00f3bidos son los que popularmente se [&hellip;]<\/p>\n","protected":false},"author":1,"featured_media":0,"parent":0,"menu_order":0,"comment_status":"closed","ping_status":"closed","template":"","meta":{"footnotes":""},"class_list":["post-92","page","type-page","status-publish","hentry"],"yoast_head":"<!-- This site is optimized with the Yoast SEO plugin v27.4 - https:\/\/yoast.com\/product\/yoast-seo-wordpress\/ -->\n<title>Carcoma - www.Insectosmadera.com<\/title>\n<meta name=\"robots\" content=\"index, follow, max-snippet:-1, max-image-preview:large, max-video-preview:-1\" \/>\n<link rel=\"canonical\" href=\"https:\/\/www.insectosmadera.com\/?page_id=92\" \/>\n<meta property=\"og:locale\" content=\"es_ES\" \/>\n<meta property=\"og:type\" content=\"article\" \/>\n<meta property=\"og:title\" content=\"Carcoma - www.Insectosmadera.com\" \/>\n<meta property=\"og:description\" content=\"Son una amplia familia del orden de los cole\u00f3pteros. Reconocer su actividad es sencillo ya que dejan unos agujeros en la madera. Si la carcoma est\u00e1 activa deja unos posos de serr\u00edn. Son de metamorfosis completa: huevo, larva, pupa y adulto.En Espa\u00f1a tenemos tres grandes grupos:\u00a0An\u00f3bidos, L\u00edctidos y Ceramb\u00edcidos.Los An\u00f3bidos son los que popularmente se [&hellip;]\" \/>\n<meta property=\"og:url\" content=\"https:\/\/www.insectosmadera.com\/?page_id=92\" \/>\n<meta property=\"og:site_name\" content=\"www.Insectosmadera.com\" \/>\n<meta property=\"article:modified_time\" content=\"2022-07-06T09:31:56+00:00\" \/>\n<meta property=\"og:image\" content=\"https:\/\/www.insectosmadera.com\/wp-content\/uploads\/2021\/11\/carcoma.jpg\" \/>\n<meta name=\"twitter:card\" content=\"summary_large_image\" \/>\n<meta name=\"twitter:label1\" content=\"Tiempo de lectura\" \/>\n\t<meta name=\"twitter:data1\" content=\"2 minutos\" \/>\n<script type=\"application\/ld+json\" class=\"yoast-schema-graph\">{\"@context\":\"https:\\\/\\\/schema.org\",\"@graph\":[{\"@type\":\"WebPage\",\"@id\":\"https:\\\/\\\/www.insectosmadera.com\\\/?page_id=92\",\"url\":\"https:\\\/\\\/www.insectosmadera.com\\\/?page_id=92\",\"name\":\"Carcoma - www.Insectosmadera.com\",\"isPartOf\":{\"@id\":\"https:\\\/\\\/www.insectosmadera.com\\\/#website\"},\"primaryImageOfPage\":{\"@id\":\"https:\\\/\\\/www.insectosmadera.com\\\/?page_id=92#primaryimage\"},\"image\":{\"@id\":\"https:\\\/\\\/www.insectosmadera.com\\\/?page_id=92#primaryimage\"},\"thumbnailUrl\":\"https:\\\/\\\/www.insectosmadera.com\\\/wp-content\\\/uploads\\\/2021\\\/11\\\/carcoma.jpg\",\"datePublished\":\"2022-01-24T11:53:24+00:00\",\"dateModified\":\"2022-07-06T09:31:56+00:00\",\"breadcrumb\":{\"@id\":\"https:\\\/\\\/www.insectosmadera.com\\\/?page_id=92#breadcrumb\"},\"inLanguage\":\"es\",\"potentialAction\":[{\"@type\":\"ReadAction\",\"target\":[\"https:\\\/\\\/www.insectosmadera.com\\\/?page_id=92\"]}]},{\"@type\":\"ImageObject\",\"inLanguage\":\"es\",\"@id\":\"https:\\\/\\\/www.insectosmadera.com\\\/?page_id=92#primaryimage\",\"url\":\"https:\\\/\\\/www.insectosmadera.com\\\/wp-content\\\/uploads\\\/2021\\\/11\\\/carcoma.jpg\",\"contentUrl\":\"https:\\\/\\\/www.insectosmadera.com\\\/wp-content\\\/uploads\\\/2021\\\/11\\\/carcoma.jpg\",\"width\":700,\"height\":524},{\"@type\":\"BreadcrumbList\",\"@id\":\"https:\\\/\\\/www.insectosmadera.com\\\/?page_id=92#breadcrumb\",\"itemListElement\":[{\"@type\":\"ListItem\",\"position\":1,\"name\":\"Portada\",\"item\":\"https:\\\/\\\/www.insectosmadera.com\\\/\"},{\"@type\":\"ListItem\",\"position\":2,\"name\":\"Carcoma\"}]},{\"@type\":\"WebSite\",\"@id\":\"https:\\\/\\\/www.insectosmadera.com\\\/#website\",\"url\":\"https:\\\/\\\/www.insectosmadera.com\\\/\",\"name\":\"www.Insectosmadera.com\",\"description\":\"Eliminar Termitas y Carcomas de la madera\",\"publisher\":{\"@id\":\"https:\\\/\\\/www.insectosmadera.com\\\/#organization\"},\"potentialAction\":[{\"@type\":\"SearchAction\",\"target\":{\"@type\":\"EntryPoint\",\"urlTemplate\":\"https:\\\/\\\/www.insectosmadera.com\\\/?s={search_term_string}\"},\"query-input\":{\"@type\":\"PropertyValueSpecification\",\"valueRequired\":true,\"valueName\":\"search_term_string\"}}],\"inLanguage\":\"es\"},{\"@type\":\"Organization\",\"@id\":\"https:\\\/\\\/www.insectosmadera.com\\\/#organization\",\"name\":\"Radan Desintec.\",\"url\":\"https:\\\/\\\/www.insectosmadera.com\\\/\",\"logo\":{\"@type\":\"ImageObject\",\"inLanguage\":\"es\",\"@id\":\"https:\\\/\\\/www.insectosmadera.com\\\/#\\\/schema\\\/logo\\\/image\\\/\",\"url\":\"https:\\\/\\\/www.insectosmadera.com\\\/wp-content\\\/uploads\\\/2022\\\/04\\\/Radan-nou-logo-2016-x-150-x-150.jpg\",\"contentUrl\":\"https:\\\/\\\/www.insectosmadera.com\\\/wp-content\\\/uploads\\\/2022\\\/04\\\/Radan-nou-logo-2016-x-150-x-150.jpg\",\"width\":150,\"height\":150,\"caption\":\"Radan Desintec.\"},\"image\":{\"@id\":\"https:\\\/\\\/www.insectosmadera.com\\\/#\\\/schema\\\/logo\\\/image\\\/\"}}]}<\/script>\n<!-- \/ Yoast SEO plugin. -->","yoast_head_json":{"title":"Carcoma - www.Insectosmadera.com","robots":{"index":"index","follow":"follow","max-snippet":"max-snippet:-1","max-image-preview":"max-image-preview:large","max-video-preview":"max-video-preview:-1"},"canonical":"https:\/\/www.insectosmadera.com\/?page_id=92","og_locale":"es_ES","og_type":"article","og_title":"Carcoma - www.Insectosmadera.com","og_description":"Son una amplia familia del orden de los cole\u00f3pteros. Reconocer su actividad es sencillo ya que dejan unos agujeros en la madera. Si la carcoma est\u00e1 activa deja unos posos de serr\u00edn. Son de metamorfosis completa: huevo, larva, pupa y adulto.En Espa\u00f1a tenemos tres grandes grupos:\u00a0An\u00f3bidos, L\u00edctidos y Ceramb\u00edcidos.Los An\u00f3bidos son los que popularmente se [&hellip;]","og_url":"https:\/\/www.insectosmadera.com\/?page_id=92","og_site_name":"www.Insectosmadera.com","article_modified_time":"2022-07-06T09:31:56+00:00","og_image":[{"url":"https:\/\/www.insectosmadera.com\/wp-content\/uploads\/2021\/11\/carcoma.jpg","type":"","width":"","height":""}],"twitter_card":"summary_large_image","twitter_misc":{"Tiempo de lectura":"2 minutos"},"schema":{"@context":"https:\/\/schema.org","@graph":[{"@type":"WebPage","@id":"https:\/\/www.insectosmadera.com\/?page_id=92","url":"https:\/\/www.insectosmadera.com\/?page_id=92","name":"Carcoma - www.Insectosmadera.com","isPartOf":{"@id":"https:\/\/www.insectosmadera.com\/#website"},"primaryImageOfPage":{"@id":"https:\/\/www.insectosmadera.com\/?page_id=92#primaryimage"},"image":{"@id":"https:\/\/www.insectosmadera.com\/?page_id=92#primaryimage"},"thumbnailUrl":"https:\/\/www.insectosmadera.com\/wp-content\/uploads\/2021\/11\/carcoma.jpg","datePublished":"2022-01-24T11:53:24+00:00","dateModified":"2022-07-06T09:31:56+00:00","breadcrumb":{"@id":"https:\/\/www.insectosmadera.com\/?page_id=92#breadcrumb"},"inLanguage":"es","potentialAction":[{"@type":"ReadAction","target":["https:\/\/www.insectosmadera.com\/?page_id=92"]}]},{"@type":"ImageObject","inLanguage":"es","@id":"https:\/\/www.insectosmadera.com\/?page_id=92#primaryimage","url":"https:\/\/www.insectosmadera.com\/wp-content\/uploads\/2021\/11\/carcoma.jpg","contentUrl":"https:\/\/www.insectosmadera.com\/wp-content\/uploads\/2021\/11\/carcoma.jpg","width":700,"height":524},{"@type":"BreadcrumbList","@id":"https:\/\/www.insectosmadera.com\/?page_id=92#breadcrumb","itemListElement":[{"@type":"ListItem","position":1,"name":"Portada","item":"https:\/\/www.insectosmadera.com\/"},{"@type":"ListItem","position":2,"name":"Carcoma"}]},{"@type":"WebSite","@id":"https:\/\/www.insectosmadera.com\/#website","url":"https:\/\/www.insectosmadera.com\/","name":"www.Insectosmadera.com","description":"Eliminar Termitas y Carcomas de la madera","publisher":{"@id":"https:\/\/www.insectosmadera.com\/#organization"},"potentialAction":[{"@type":"SearchAction","target":{"@type":"EntryPoint","urlTemplate":"https:\/\/www.insectosmadera.com\/?s={search_term_string}"},"query-input":{"@type":"PropertyValueSpecification","valueRequired":true,"valueName":"search_term_string"}}],"inLanguage":"es"},{"@type":"Organization","@id":"https:\/\/www.insectosmadera.com\/#organization","name":"Radan Desintec.","url":"https:\/\/www.insectosmadera.com\/","logo":{"@type":"ImageObject","inLanguage":"es","@id":"https:\/\/www.insectosmadera.com\/#\/schema\/logo\/image\/","url":"https:\/\/www.insectosmadera.com\/wp-content\/uploads\/2022\/04\/Radan-nou-logo-2016-x-150-x-150.jpg","contentUrl":"https:\/\/www.insectosmadera.com\/wp-content\/uploads\/2022\/04\/Radan-nou-logo-2016-x-150-x-150.jpg","width":150,"height":150,"caption":"Radan Desintec."},"image":{"@id":"https:\/\/www.insectosmadera.com\/#\/schema\/logo\/image\/"}}]}},"_links":{"self":[{"href":"https:\/\/www.insectosmadera.com\/index.php?rest_route=\/wp\/v2\/pages\/92","targetHints":{"allow":["GET"]}}],"collection":[{"href":"https:\/\/www.insectosmadera.com\/index.php?rest_route=\/wp\/v2\/pages"}],"about":[{"href":"https:\/\/www.insectosmadera.com\/index.php?rest_route=\/wp\/v2\/types\/page"}],"author":[{"embeddable":true,"href":"https:\/\/www.insectosmadera.com\/index.php?rest_route=\/wp\/v2\/users\/1"}],"replies":[{"embeddable":true,"href":"https:\/\/www.insectosmadera.com\/index.php?rest_route=%2Fwp%2Fv2%2Fcomments&post=92"}],"version-history":[{"count":17,"href":"https:\/\/www.insectosmadera.com\/index.php?rest_route=\/wp\/v2\/pages\/92\/revisions"}],"predecessor-version":[{"id":302,"href":"https:\/\/www.insectosmadera.com\/index.php?rest_route=\/wp\/v2\/pages\/92\/revisions\/302"}],"wp:attachment":[{"href":"https:\/\/www.insectosmadera.com\/index.php?rest_route=%2Fwp%2Fv2%2Fmedia&parent=92"}],"curies":[{"name":"wp","href":"https:\/\/api.w.org\/{rel}","templated":true}]}}